ighest common factor of 4842 and 18.
18
Calculate the greatest common factor of 8 and 7864.
8
What is the highest common divisor of 24 and 5682?
6
What is the highest common divisor of 52 and 1118?
26
What is the highest common divisor of 144 and 4?
4
What is the highest common factor of 512 and 8?
8
Calculate the greatest common factor of 10 and 300.
10
What is the greatest common factor of 124 and 403?
31
What is the highest common factor of 24 and 516?
12
Calculate the highest common divisor of 126 and 306.
18
Calculate the greatest common divisor of 72 and 216.
72
What is the highest common divisor of 25 and 175?
25
What is the greatest common factor of 25 and 275?
25
What is the highest common factor of 703 and 296?
37
Calculate the highest common factor of 696 and 24.
24
Calculate the highest common divisor of 441 and 45.
9
Calculate the highest common divisor of 136 and 119.
17
Calculate the highest common factor of 4 and 728.
4
What is the highest common factor of 155 and 126170?
155
Calculate the greatest common divisor of 16 and 5352.
8
Calculate the highest common divisor of 762 and 1651.
127
What is the greatest common divisor of 130 and 7982?
26
What is the highest common factor of 12 and 567?
3
What is the highest common divisor of 1441 and 1179?
131
Calculate the highest common divisor of 1 and 89.
1
Calculate the greatest common factor of 1710 and 270.
90
What is the greatest common divisor of 323 and 17?
17
Calculate the greatest common divisor of 135 and 1188.
27
Calculate the greatest common factor of 124 and 341.
31
Calculate the greatest common factor of 636 and 2120.
212
Calculate the greatest common divisor of 7 and 10.
1
Calculate the highest common divisor of 12 and 1536.
12
What is the greatest common factor of 32 and 200?
8
Calculate the greatest common factor of 288 and 1224.
72
Calculate the greatest common factor of 20 and 60.
20
What is the highest common divisor of 117 and 5577?
39
Calculate the greatest common divisor of 110 and 154.
22
What is the highest common factor of 42270 and 30?
30
Calculate the highest common divisor of 300 and 80.
20
Calculate the highest common factor of 30 and 162.
6
What is the highest common factor of 8 and 712?
8
What is the highest common factor of 247 and 39?
13
What is the highest common divisor of 28 and 49028?
28
Calculate the highest common factor of 54 and 66.
6
What is the greatest common factor of 2295 and 27?
27
Calculate the highest common divisor of 27 and 36.
9
Calculate the greatest common factor of 12 and 324.
12
What is the greatest common factor of 63 and 14?
7
What is the greatest common factor of 1164 and 456?
12
What is the greatest common divisor of 3 and 4581?
3
Calculate the highest common divisor of 2112 and 462.
66
What is the highest common factor of 567 and 12?
3
Calculate the highest common divisor of 47 and 611.
47
Calculate the highest common factor of 70 and 23296.
14
What is the highest common factor of 6 and 183?
3
Calculate the highest common divisor of 93 and 589.
31
Calculate the highest common factor of 220 and 385.
55
Calculate the highest common factor of 45 and 1395.
45
What is the highest common divisor of 730 and 15?
5
What is the greatest common divisor of 5243 and 214?
107
Calculate the highest common divisor of 31 and 527.
31
What is the greatest common divisor of 50 and 6?
2
What is the highest common factor of 237 and 3?
3
What is the greatest common divisor of 48 and 156?
12
Calculate the greatest common divisor of 416 and 26.
26
Calculate the highest common factor of 33 and 7557.
33
Calculate the greatest common factor of 9905 and 35.
35
Calculate the highest common divisor of 1380 and 1920.
60
What is the highest common factor of 1886 and 2050?
82
Calculate the greatest common factor of 91 and 35.
7
What is the greatest common divisor of 6 and 39?
3
What is the highest common divisor of 537 and 716?
179
What is the greatest common factor of 210 and 56?
14
Calculate the greatest common divisor of 51 and 187.
17
What is the highest common divisor of 32 and 38?
2
Calculate the highest common divisor of 160 and 920.
40
Calculate the greatest common factor of 65 and 104.
13
What is the highest common divisor of 825 and 13365?
165
Calculate the greatest common divisor of 417 and 5282.
139
Calculate the greatest common divisor of 20 and 31420.
20
Calculate the greatest common divisor of 74 and 851.
37
Calculate the greatest common divisor of 168 and 20.
4
Calculate the highest common divisor of 12 and 44652.
12
What is the greatest common divisor of 31 and 496?
31
Calculate the highest common divisor of 550 and 11.
11
Calculate the highest common factor of 250 and 170.
10
Calculate the highest common divisor of 115 and 55.
5
Calculate the highest common factor of 9618 and 42.
42
What is the greatest common divisor of 488 and 32?
8
What is the highest common divisor of 105 and 120?
15
What is the greatest common factor of 129 and 215?
43
Calculate the highest common divisor of 160 and 185.
5
What is the highest common factor of 56 and 161?
7
Calculate the highest common divisor of 91 and 1183.
91
Calculate the greatest common divisor of 81 and 891.
81
What is the greatest common factor of 80 and 60?
20
Calculate the highest common divisor of 3155 and 10.
5
What is the highest common divisor of 57 and 38?
19
Calculate the greatest common factor of 756 and 147.
21
What is the highest common divisor of 26755 and 10?
5
What is the greatest common divisor of 146 and 4526?
146
Calculate the highest common divisor of 63 and 63.
63
What is the highest common divisor of 30 and 78?
6
What is the greatest common divisor of 1225 and 5635?
245
Calculate the highest common divisor of 10721 and 497.
71
What is the greatest common divisor of 2800 and 14?
14
What is the highest common factor of 278 and 10981?
139
What is the greatest common factor of 448 and 304?
16
What is the highest common factor of 54 and 1818?
18
Calculate the greatest common divisor of 1456 and 84.
28
What is the highest common divisor of 2 and 50?
2
Calculate the highest common factor of 740 and 4292.
148
Calculate the greatest common divisor of 669 and 6.
3
What is the highest common divisor of 266 and 1463?
133
What is the greatest common divisor of 1136 and 142?
142
What is the greatest common divisor of 35 and 45?
5
Calculate the greatest common divisor of 42 and 140.
14
What is the greatest common divisor of 128 and 704?
64
What is the greatest common factor of 42 and 4886?
14
What is the greatest common factor of 1375 and 88?
11
Calculate the highest common divisor of 1955 and 92.
23
Calculate the greatest common factor of 28 and 8.
4
What is the greatest common divisor of 2771 and 1793?
163
What is the highest common factor of 175 and 21?
7
Calculate the greatest common divisor of 39 and 159.
3
What is the greatest common divisor of 50 and 1350?
50
What is the greatest common factor of 7 and 10157?
7
Calculate the highest common factor of 468 and 1044.
36
Calculate the highest common divisor of 105 and 21.
21
What is the highest common divisor of 14 and 32?
2
Calculate the greatest common factor of 220 and 88.
44
Calculate the greatest common factor of 1855 and 315.
35
What is the greatest common divisor of 3296 and 64?
32
Calculate the greatest common factor of 720 and 342.
18
Calculate the highest common factor of 444 and 156.
12
What is the greatest common factor of 250 and 20?
10
What is the highest common factor of 440 and 40?
40
What is the greatest common factor of 899 and 93?
31
What is the greatest common divisor of 1498 and 119?
7
Calculate the greatest common divisor of 11100 and 24.
12
What is the greatest common divisor of 338 and 78?
26
What is the greatest common factor of 584 and 13578?
146
Calculate the greatest common factor of 16 and 128.
16
What is the greatest common factor of 120 and 255?
15
What is the greatest common factor of 540 and 11556?
108
Calculate the greatest common divisor of 92 and 26496.
92
What is the highest common factor of 4 and 7628?
4
Calculate the highest common divisor of 16 and 9808.
16
What is the highest common divisor of 1344 and 9632?
224
What is the greatest common factor of 513 and 27?
27
Calculate the highest common fa